*2. Let o(h) be the third derivative of v(h). Suppose 0 = s + 4*s - 15. What is o(s)?
-2
Let f(c) = -16*c**3 + 2*c**2 - 2*c + 1. Let d be -38 + 1 + 1 + (-4 - -4). Let u be d/(-24) + ((-3)/(-2))/(-3). What is f(u)?
-15
Suppose 4*t + 14 = 2. Let f(b) = -b**3 + b**2 + b - 6. Give f(t).
27
Let n(r) = r**2 - 5*r - 10. Let z(a) = 2*a**2 - 10*a - 19. Let h(d) = -5*n(d) + 3*z(d). Suppose -2*p - 20 = -4*x, 0 = 5*x + 2*p - 13 - 21. Calculate h(x).
-1
Let c(j) = j**2 + 22*j + 60. Let z be c(-19). Suppose -47 = 5*q - 0*q - 3*v, 0 = 4*q + z*v + 16. Let d(k) = k**3 + 6*k**2 - 7*k + 7. What is d(q)?
7
Suppose -s + n = -5*s + 17, 0 = 5*s - 4*n + 5. Let b(m) = 7*m + 9. Let r(k) = 6*k + 8. Let y(f) = -5*b(f) + 6*r(f). Calculate y(s).
6
Let h(a) = a**3 + 3*a**2 - 5*a - 12. Let m(o) = -5*o - 9*o**2 - 13 + 3*o**2 + o**3 + 9*o**2. Let s(b) = -7*h(b) + 6*m(b). Determine s(-4).
2
Let p = -41 - -145. Suppose -100*u = -p*u - 4. Let y(n) be the second derivative of -4*n**3/3 - n**2/2 - n. What is y(u)?
7
Suppose -24 + 4 = 2*z. Let s(p) be the third derivative of -p**4/24 - 5*p**3/3 + 6*p**2 - 23. What is s(z)?
0
Let l = -90 + 99. Let j(a) = 32 + a**3 + l*a - 65 + 36 - 10*a**2. Suppose -2*n = 2*m - 7 - 3, -4*m + 4*n + 52 = 0. What is j(m)?
3
Let j(m) = 0*m**3 - 6*m**3 - 3 + 0*m**3 + 8*m**3 - 3*m. Determine j(-2).
-13
Suppose 12 = u + 5*f, -3*u = -4*f + 1 + 1. Let v(i) = 0*i - 4*i + 7*i - 2 - u*i**2 - i**3. Let t = -4 - -6. What is v(t)?
-12
Let t(i) = 2*i - 1. Let r(y) = -y**3 - 9*y**2 + 14*y + 39. Let c be r(-10). What is t(c)?
-3
Let g(d) = -d**2 - 6*d - 3. Let k(n) = -n + 8. Let a = 65 + -53. Let w be k(a). What is g(w)?
5
Let q(d) be the second derivative of -3*d**5/20 - d**4/4 + d**2 + 6*d - 1. Determine q(-2).
14
Let d = 84 + -59. Suppose 2*x - 15 = -y, 2*y - d = -2*x + 3*y. Let i(u) = u - 11. What is i(x)?
-1
Let r(z) = 13*z**2 + z - 139. Let u(a) = 3*a**2 - 31. Let s(k) = 2*r(k) - 9*u(k). Let b be 16/10 - 2/(-5). Determine s(b).
1
Let i(m) = 2*m**2 - 38*m - 13. Let y be i(20). Suppose -y*g + 22*g = -5. Let v(t) = 3*t**3 + 2*t**2 - t. Give v(g).
4
Let b(j) = -2*j**2 + j + 1. Let v(s) = -s**2. Let y(d) = 4*b(d) - 7*v(d). Let q be y(3). Let c(x) = x - 5 + 0*x + q. Calculate c(-4).
-2
Suppose -2*i - 3 = -i. Let q(o) = 7 + o**3 - 3 + 2*o**2 + 10*o - 7*o. Determine q(i).
-14
Let i(p) = -p - 7. Let c be i(-6). Let j(g) = 3*g**2 - g + 1. Let b be j(c). Let a(n) = 3*n + 26. Let x(w) = 2*w + 17. Let k(l) = 5*a(l) - 8*x(l). What is k(b)?
-11
Let f = -16 - -18. Let y(h) = -5*h**2 + 3*h**f + 10*h - h**3 + 3 - 6*h. What is y(-4)?
19
Let p = 20 - 14. Let d(n) = -4*n + 0 + 2*n + 3*n - 4*n + 5. Give d(p).
-13
Let l = -140 + 283. Let z = l - 148. Let d(o) = -9*o**3 + 19*o**2 - 10*o + 8. Let k(t) = -5*t**3 + 10*t**2 - 5*t + 4. Let a(p) = -6*d(p) + 11*k(p). Give a(z).
-4
Let a(m) = 12*m - 10. Let d be a(7). Suppose 0 = -4*p + d + 70. Let g be p/(-16)*16/6. Let t(f) = -2*f - 5. Give t(g).
7
Let x(g) = 1. Let q(h) = -3*h + 3. Let m be ((-10)/(-3))/((-12)/18). Let y(r) = m*x(r) + q(r). Calculate y(-2).
4
Let k be (-12)/2 + (14 + -6)/2. Let x(a) = -a**2 + a - 1. What is x(k)?
-7
Let l(d) = -4*d + 4. Let k(w) = w - 2. Let n be (4/(-6))/(8/12). Let i be k(n). What is l(i)?
16
Let b(x) = -9*x**2 + 10*x**2 - 1 - 5*x**2. Determine b(-1).
-5
Let n(f) = f - 1. Let y be n(1). Suppose y*c - c = -3. Let q(j) = 0*j + 8*j - 2 - j**c - 3 + 3*j**2 + 1. What is q(5)?
-14
Let u(f) = 8*f. Let c(j) = 4*j**3 + 41*j**2 + 13*j + 31. Let i be c(-10). What is u(i)?
8
Let i(d) = d**3 - 2*d**2 - 2*d - 1. Suppose 2*g - 6 = -0. Let r be i(g). Let h(u) be the second derivative of -u**4/12 - u**2/2 + 15*u. What is h(r)?
-5
Let s(c) = 3 - 7 + 9 - c**2 + 2 - 3*c. Let d(a) = -a**3 + 8*a**2 + 7*a + 12. Let g = 20 - 11. Let x be d(g). Give s(x).
-11
Let y(r) = -r**2 + 8*r + 1. Let b(h) = 2*h - 23. Let z(f) = -b(f) + y(f). Give z(9).
-3
Let u(q) = -4*q - 5. Let s(z) = z**2 + 5*z - 1. Let n be s(-5). Suppose -9*v + 6 = 33. Let w = n + v. What is u(w)?
11
Let s(q) = q - 1. Suppose 0 = -x - 2. Let d(c) = -c + 2. Let k(v) = x*d(v) - 3*s(v). What is k(3)?
-4
Let k(a) be the first derivative of a**3/3 - 4*a + 3. Let w(c) = -3*c - 11. Let n be w(-5). Give k(n).
12
Let l be ((-36)/15)/(3/(-105)). Let y(a) = -2 + 7*a + l*a**3 + 7*a**2 + 3 - 83*a**3 + a**2. Determine y(-7).
1
Let x(i) = -i**2 + 2. Let l be x(0). Suppose -38 = -4*y + l*y. Suppose -27 = -2*q - q - 3*c, 3*q + c - y = 0. Let g(b) = b - 7. Give g(q).
-2
Let l(s) = -4*s**2 + 21*s + 7. Let q(j) = 2*j**2 - 10*j - 3. Suppose 0 = -0*n - 4*n - 24. Let v(g) = n*l(g) - 13*q(g). Give v(2).
-3
Let d(p) = p + 3. Let u be (-4 + 4)*(-7)/28. Calculate d(u).
3
Let d be -3*(-12 - 0)/(-4). Let h(u) = -6 - u**3 + 10 - 8*u**2 + 8*u - 7. Give h(d).
6
Suppose y + 3*j = 13, -2*j - 2*j + 26 = 2*y. Let b(s) = s - y*s**3 - 6*s**2 + 7*s**3 + 2 + 7*s**3. Calculate b(6).
8
Let v(m) = 5*m + 44. Let i be v(-8). Suppose j = -5, u + i*j - 14 = 8*j. Let z(h) = 2*h + 8. Determine z(u).
-4
Let k = -1 - 3. Let f(p) = -16*p + 50*p - 14*p - 25*p - 1 - 4. What is f(k)?
15
Let f(o) = o**3 + 4*o**2 + o - 3. Let i(s) = 2*s - 22. Let w be i(11). Suppose 0 = -3*h - 2*n - w*n - 1, -2*n + 17 = -3*h. Determine f(h).
3
Suppose -2*c - c - 13 = -z, -c - 7 = -3*z. Let t(p) = 5*p**2 + 5*p + 7. Let f(m) = -3*m**2 - 3*m - 6. Let j(s) = 3*f(s) + 2*t(s). Determine j(c).
8
Let p(n) = -n - 2. Let s(b) = -b**3 + 5*b**2 + 9*b - 8. Let t be s(7). Let x = 35 + t. Give p(x).
6
Let f(p) be the second derivative of -p**4/12 + p**3/2 + 5*p**2/2 + 29*p. Let w = 1 - -4. Give f(w).
-5
Let l(y) = 12*y**3 + 2*y**2 - 1. Let m(d) = 3*d - 85. Let i be m(28). Calculate l(i).
-11
Let h(z) = 8*z**3 - z**2. Let v(q) = q**3 + q - 1. Let g(t) = 4*t + 37. Let r be g(-9). Let y(p) = r*v(p) - h(p). Give y(1).
-6
Suppose -2*u + 3 = -1. Let h(q) = q**3 + 3*q**2 + 10*q + 1 - q**2 - u*q - 6*q. What is h(-1)?
0
Let f(u) = 18 + 36*u - 21*u - 14*u. Determine f(-13).
5
Let f(y) be the first derivative of -3*y**4/4 - 2*y**3/3 + y - 88. What is f(-2)?
17
Suppose -961 = 9*t - 1024. Let d(i) = -i**2 + 7*i + 4. Determine d(t).
4
Let i(p) = 9*p - 7. Let m be 5 - -6 - (-40)/(-4). Determine i(m).
2
Let u(t) be the third derivative of t**7/840 - t**6/120 + t**5/60 - t**4/24 - 8*t**3/3 + 11*t**2. Let m(l) be the first derivative of u(l). What is m(3)?
5
Let l(z) be the third derivative of -z**5/60 - z**4/4 + 5*z**3/6 + 3*z**2 - 18. Calculate l(-6).
5
Let m(y) = -2*y**2 + 5. Let s(v) = 3*v**2 + 10*v - 5. Let o(p) = 2*m(p) + s(p). Determine o(10).
5
Let o(l) = -4*l**2 + l + 2. Suppose 0 = 4*s - z + 6, 3*s - 8*z - 2 = -4*z. Determine o(s).
-16
Let v be (-2)/(-2) - (3 + 17). Let j = 23 + -47. Let p = j - v. Let m(a) = -2*a + 6. Calculate m(p).
16
Let t(m) = 42*m - 23 + m**2 - 97*m + 58*m. Calculate t(-7).
5
Let n(s) = -s**2 - 5*s + 8. Let y(j) = 12*j**2 - 5*j - 16. Let p(g) = 3*g**2 - g - 4. Let x(f) = -9*p(f) + 2*y(f). Let m be x(-2). Give n(m).
2
Suppose -15 = -11*q + 6*q. Let i(g) = g + q*g + 4 - 3 + 8. Determine i(-8).
-23
Let v(s) = -s**2 + 14*s - 8. Let x(y) = -5*y + 3. Let a(f) = 3*v(f) + 8*x(f). Suppose -2*z - 4 + 10 = 0. Let r be (-4 - (0 + -3)) + z. Calculate a(r).
-8
Suppose 3*n - 3 = 3*u, -5*u - 2*n - 3*n + 15 = 0. Let x(c) be the third derivative of c**2 + 5/24*c**4 + 0*c - 1/6*c**3 + 0. Determine x(u).
4
Let y(t) = 3*t + 27. Suppose 31*i = 54*i + 253. Calculate y(i).
-6
Suppose 5*w - 20*z = -18*z - 41, 0 = 5*w + 4*z + 23. Let n(p) = p**2 + 5*p + 1. Give n(w).
15
Let z(v) = -3*v. Let k = -21 - -30. Suppose 5*l - 8*l = k. Let b be (-24)/16 + l/6. Calculate z(b).
6
Let s = 27 + -13. Let w = -18 + s. Let i(b) = 4*b - 1. Determine i(w).
-17
Let v(t) = -6*t**2 - 2*t + 12*t**2 + 1 - 7*t**2. Suppose 0 = -2*l + 7 + 3. Suppose l*c - 5 = -0. Determine v(c).
-2
Let h(x) = -3*x + x**3 - 2*x + 2*x**2 + 3*x**2 + 2. Let g(z) = 86*z + 80. Let d be g(-1). Determine h(d).
-4
Let q be 12/6 - (-72)/(-3 + -1). Let d = 16 + q. Let z(n) = 0*n + 2 - n + 2*n. What is z(d)?
2
Let q = -64 + 66. Suppose -2*d - q*d + 12 = 0. Let p(z) = z**2 - z - 1. Let u(j) = 4*j**2 - 5*j - 2. Let k(h) = -5*p(h) + u(h). Calculate k(d).
-6
Let p(a) = -a**3 - 13*a**2 - 32*a - 20. Let w be p(-10). Let o(b) = b**2 - b + 30. What is o(w)?
30
Let x(s) be the second derivative of s**5/20 - 7*s**4/12 + s**